{"id":16973,"date":"2023-03-24T01:22:22","date_gmt":"2023-03-24T01:22:22","guid":{"rendered":"https:\/\/www.maffer.ind.br\/site\/?post_type=product&#038;p=16973"},"modified":"2024-03-15T20:51:27","modified_gmt":"2024-03-15T20:51:27","slug":"dispositivos-controle-de-producao","status":"publish","type":"product","link":"https:\/\/www.maffer.ind.br\/site\/produto\/dispositivos-controle-de-producao\/","title":{"rendered":"Dispositivos Controle de Produ\u00e7\u00e3o"},"content":{"rendered":"<p>Ferramenta indispens\u00e1vel em processos de medi\u00e7\u00e3o de alta precis\u00e3o, atuando para inspe\u00e7\u00e3o de qualidade em processos de fabrica\u00e7\u00e3o de equipamentos e projetos.<\/p>\n","protected":false},"excerpt":{"rendered":"<p>Ferramenta indispens\u00e1vel em processos de medi\u00e7\u00e3o de alta precis\u00e3o, atuando para inspe\u00e7\u00e3o de qualidade em processos de fabrica\u00e7\u00e3o de equipamentos e projetos.<\/p>\n","protected":false},"featured_media":16974,"template":"","meta":[],"product_brand":[],"product_cat":[196],"product_tag":[],"class_list":{"0":"post-16973","1":"product","2":"type-product","3":"status-publish","4":"has-post-thumbnail","6":"product_cat-dispositivos","8":"first","9":"instock","10":"shipping-taxable","11":"product-type-external"},"_links":{"self":[{"href":"https:\/\/www.maffer.ind.br\/site\/wp-json\/wp\/v2\/product\/16973","targetHints":{"allow":["GET"]}}],"collection":[{"href":"https:\/\/www.maffer.ind.br\/site\/wp-json\/wp\/v2\/product"}],"about":[{"href":"https:\/\/www.maffer.ind.br\/site\/wp-json\/wp\/v2\/types\/product"}],"wp:featuredmedia":[{"embeddable":true,"href":"https:\/\/www.maffer.ind.br\/site\/wp-json\/wp\/v2\/media\/16974"}],"wp:attachment":[{"href":"https:\/\/www.maffer.ind.br\/site\/wp-json\/wp\/v2\/media?parent=16973"}],"wp:term":[{"taxonomy":"product_brand","embeddable":true,"href":"https:\/\/www.maffer.ind.br\/site\/wp-json\/wp\/v2\/product_brand?post=16973"},{"taxonomy":"product_cat","embeddable":true,"href":"https:\/\/www.maffer.ind.br\/site\/wp-json\/wp\/v2\/product_cat?post=16973"},{"taxonomy":"product_tag","embeddable":true,"href":"https:\/\/www.maffer.ind.br\/site\/wp-json\/wp\/v2\/product_tag?post=16973"}],"curies":[{"name":"wp","href":"https:\/\/api.w.org\/{rel}","templated":true}]}}