{"id":16971,"date":"2023-03-24T01:21:24","date_gmt":"2023-03-24T01:21:24","guid":{"rendered":"https:\/\/www.maffer.ind.br\/site\/?post_type=product&#038;p=16971"},"modified":"2024-03-15T20:51:40","modified_gmt":"2024-03-15T20:51:40","slug":"dispositivos-para-calibragem","status":"publish","type":"product","link":"https:\/\/www.maffer.ind.br\/site\/produto\/dispositivos-para-calibragem\/","title":{"rendered":"Dispositivos para Calibragem"},"content":{"rendered":"<p>Uma solu\u00e7\u00e3o r\u00e1pida e pr\u00e1tica para garantir a conformidade das dimens\u00f5es de uma pe\u00e7a, como furos, eixos, entre outros.<\/p>\n","protected":false},"excerpt":{"rendered":"<p>Uma solu\u00e7\u00e3o r\u00e1pida e pr\u00e1tica para garantir a conformidade das dimens\u00f5es de uma pe\u00e7a, como furos, eixos, entre outros.<\/p>\n","protected":false},"featured_media":16972,"template":"","meta":[],"product_brand":[],"product_cat":[196],"product_tag":[],"class_list":{"0":"post-16971","1":"product","2":"type-product","3":"status-publish","4":"has-post-thumbnail","6":"product_cat-dispositivos","8":"first","9":"instock","10":"shipping-taxable","11":"product-type-external"},"_links":{"self":[{"href":"https:\/\/www.maffer.ind.br\/site\/wp-json\/wp\/v2\/product\/16971","targetHints":{"allow":["GET"]}}],"collection":[{"href":"https:\/\/www.maffer.ind.br\/site\/wp-json\/wp\/v2\/product"}],"about":[{"href":"https:\/\/www.maffer.ind.br\/site\/wp-json\/wp\/v2\/types\/product"}],"wp:featuredmedia":[{"embeddable":true,"href":"https:\/\/www.maffer.ind.br\/site\/wp-json\/wp\/v2\/media\/16972"}],"wp:attachment":[{"href":"https:\/\/www.maffer.ind.br\/site\/wp-json\/wp\/v2\/media?parent=16971"}],"wp:term":[{"taxonomy":"product_brand","embeddable":true,"href":"https:\/\/www.maffer.ind.br\/site\/wp-json\/wp\/v2\/product_brand?post=16971"},{"taxonomy":"product_cat","embeddable":true,"href":"https:\/\/www.maffer.ind.br\/site\/wp-json\/wp\/v2\/product_cat?post=16971"},{"taxonomy":"product_tag","embeddable":true,"href":"https:\/\/www.maffer.ind.br\/site\/wp-json\/wp\/v2\/product_tag?post=16971"}],"curies":[{"name":"wp","href":"https:\/\/api.w.org\/{rel}","templated":true}]}}