{"id":16956,"date":"2023-03-24T00:04:14","date_gmt":"2023-03-24T00:04:14","guid":{"rendered":"https:\/\/www.maffer.ind.br\/site\/?post_type=product&#038;p=16956"},"modified":"2024-04-15T14:42:32","modified_gmt":"2024-04-15T14:42:32","slug":"guia-esferica-reforcada-modelo-mfmtgh-l-r","status":"publish","type":"product","link":"https:\/\/www.maffer.ind.br\/site\/produto\/guia-esferica-reforcada-modelo-mfmtgh-l-r\/","title":{"rendered":"09 &#8211; Guia Esf\u00e9rica Refor\u00e7ada Modelo MFMTGH-L\/R"},"content":{"rendered":"<p>Este componente \u00e9 aplicado como guia para a haste do articulado.<\/p>\n<p>Permite compensar a flex\u00e3o da haste em grandes movimentos de extra\u00e7\u00e3o, buscando melhorar o alinhamento dos movimentos.<\/p>\n<p>\u00c9 aplicado quando existe a necessidade de qualificar o movimento retil\u00edneo.<\/p>\n<p>Esta guia modelo MFMTGH tem a particularidade de ser refor\u00e7ada pela robustez das suas principais medidas comparado com o modelo MFMTG.<\/p>\n","protected":false},"excerpt":{"rendered":"<p>Disponibilidade de tamanhos padronizados para as hastes:<\/p>\n<ul>\n<li>MFMTGH-L\/R-25<\/li>\n<li>MFMTGH-L\/R-30<\/li>\n<li>MFMTGH-L\/R-35<\/li>\n<li>MFMTGH-L\/R-40<\/li>\n<li>MFMTGH-L\/R-50<\/li>\n<\/ul>\n","protected":false},"featured_media":17538,"template":"","meta":[],"product_brand":[],"product_cat":[194],"product_tag":[],"class_list":{"0":"post-16956","1":"product","2":"type-product","3":"status-publish","4":"has-post-thumbnail","6":"product_cat-componentes-padronizados-para-moldes","8":"first","9":"instock","10":"shipping-taxable","11":"product-type-external"},"_links":{"self":[{"href":"https:\/\/www.maffer.ind.br\/site\/wp-json\/wp\/v2\/product\/16956","targetHints":{"allow":["GET"]}}],"collection":[{"href":"https:\/\/www.maffer.ind.br\/site\/wp-json\/wp\/v2\/product"}],"about":[{"href":"https:\/\/www.maffer.ind.br\/site\/wp-json\/wp\/v2\/types\/product"}],"wp:featuredmedia":[{"embeddable":true,"href":"https:\/\/www.maffer.ind.br\/site\/wp-json\/wp\/v2\/media\/17538"}],"wp:attachment":[{"href":"https:\/\/www.maffer.ind.br\/site\/wp-json\/wp\/v2\/media?parent=16956"}],"wp:term":[{"taxonomy":"product_brand","embeddable":true,"href":"https:\/\/www.maffer.ind.br\/site\/wp-json\/wp\/v2\/product_brand?post=16956"},{"taxonomy":"product_cat","embeddable":true,"href":"https:\/\/www.maffer.ind.br\/site\/wp-json\/wp\/v2\/product_cat?post=16956"},{"taxonomy":"product_tag","embeddable":true,"href":"https:\/\/www.maffer.ind.br\/site\/wp-json\/wp\/v2\/product_tag?post=16956"}],"curies":[{"name":"wp","href":"https:\/\/api.w.org\/{rel}","templated":true}]}}