{"id":16937,"date":"2023-03-23T23:38:32","date_gmt":"2023-03-23T23:38:32","guid":{"rendered":"https:\/\/www.maffer.ind.br\/site\/?post_type=product&#038;p=16937"},"modified":"2024-04-01T20:46:00","modified_gmt":"2024-04-01T20:46:00","slug":"carro-deslizante-modelo-mcs10-e-ms10","status":"publish","type":"product","link":"https:\/\/www.maffer.ind.br\/site\/produto\/carro-deslizante-modelo-mcs10-e-ms10\/","title":{"rendered":"01 &#8211; Carro Deslizante Modelo MCS10 e MS10"},"content":{"rendered":"<p>Os carros deslizantes t\u00eam sua fun\u00e7\u00e3o para guia na base das hastes de movimenta\u00e7\u00e3o angular.<\/p>\n<p>\u00c9 utilizado para extra\u00e7\u00e3o de detalhes de dif\u00edcil desmoldagem interna e negativos, sem condi\u00e7\u00f5es para sa\u00edda vertical.<\/p>\n<p>Os carros deslizantes Maffer, n\u00e3o necessitam de lubrifica\u00e7\u00e3o em seu funcionamento.<\/p>\n<p>Eles possuem efeito de absorver e compensar pequenas flex\u00f5es e desvios angulares.<\/p>\n<p>Os modelos s\u00e3o diversos e vari\u00e1veis, dependendo de sua aplica\u00e7\u00e3o.<\/p>\n<p>Esta op\u00e7\u00e3o aplica-se a casos com ocorr\u00eancia de movimento reto.<\/p>\n<p>Possui sua montagem atrav\u00e9s de cabe\u00e7a no corpo inferior.<\/p>\n<p>O primeiro\u00a0<strong>MSC10<\/strong> \u00e9 aplicado em casos que a haste seja j\u00e1 posicionada na base do articulado.<\/p>\n<p>O segundo\u00a0<strong>MS10<\/strong>\u00a0aplica-se com o posicionamento da haste na cabe\u00e7a do articulado.<\/p>\n","protected":false},"excerpt":{"rendered":"<p>Disponibilidade de tamanhos padronizados para as hastes:<\/p>\n<ul>\n<li>MSC10-10 e MS10-10<\/li>\n<li>MSC10-12 e MS10-12<\/li>\n<li>MSC10-16 e MS10-16<\/li>\n<li>MSC10-20 e MS10-20<\/li>\n<li>MSC10-25 e MS10-25<\/li>\n<li>MSC10-30 e MS10-30<\/li>\n<li>MSC10-35 e MS10-35<\/li>\n<li>MSC10-40 e MS10-40<\/li>\n<li>MSC10-45 e MS10-45<\/li>\n<\/ul>\n<p><strong>OBS:<\/strong> Os parafusos e pinos j\u00e1 s\u00e3o fornecidos aos conjuntos.<\/p>\n<h3><\/h3>\n","protected":false},"featured_media":16939,"template":"","meta":[],"product_brand":[],"product_cat":[194],"product_tag":[],"class_list":{"0":"post-16937","1":"product","2":"type-product","3":"status-publish","4":"has-post-thumbnail","6":"product_cat-componentes-padronizados-para-moldes","8":"first","9":"instock","10":"shipping-taxable","11":"product-type-external"},"_links":{"self":[{"href":"https:\/\/www.maffer.ind.br\/site\/wp-json\/wp\/v2\/product\/16937","targetHints":{"allow":["GET"]}}],"collection":[{"href":"https:\/\/www.maffer.ind.br\/site\/wp-json\/wp\/v2\/product"}],"about":[{"href":"https:\/\/www.maffer.ind.br\/site\/wp-json\/wp\/v2\/types\/product"}],"wp:featuredmedia":[{"embeddable":true,"href":"https:\/\/www.maffer.ind.br\/site\/wp-json\/wp\/v2\/media\/16939"}],"wp:attachment":[{"href":"https:\/\/www.maffer.ind.br\/site\/wp-json\/wp\/v2\/media?parent=16937"}],"wp:term":[{"taxonomy":"product_brand","embeddable":true,"href":"https:\/\/www.maffer.ind.br\/site\/wp-json\/wp\/v2\/product_brand?post=16937"},{"taxonomy":"product_cat","embeddable":true,"href":"https:\/\/www.maffer.ind.br\/site\/wp-json\/wp\/v2\/product_cat?post=16937"},{"taxonomy":"product_tag","embeddable":true,"href":"https:\/\/www.maffer.ind.br\/site\/wp-json\/wp\/v2\/product_tag?post=16937"}],"curies":[{"name":"wp","href":"https:\/\/api.w.org\/{rel}","templated":true}]}}